te the highest common divisor of 19988 and 25774.
526
What is the greatest common factor of 153 and 137173?
17
Calculate the greatest common divisor of 1016235 and 495.
495
What is the greatest common divisor of 3 and 509?
1
Calculate the highest common factor of 1595 and 9812.
11
Calculate the greatest common divisor of 176 and 79792.
16
What is the highest common factor of 148 and 129500?
148
What is the greatest common divisor of 152 and 90?
2
Calculate the highest common factor of 135 and 15285.
15
Calculate the greatest common divisor of 2256888 and 3.
3
Calculate the greatest common factor of 531 and 4185.
9
Calculate the greatest common factor of 2871 and 22649.
319
What is the greatest common divisor of 10971 and 159?
159
What is the greatest common divisor of 132 and 10461?
33
Calculate the highest common factor of 8 and 47232.
8
Calculate the greatest common factor of 289 and 52309.
289
Calculate the highest common divisor of 646 and 9082.
38
What is the highest common factor of 54 and 11742?
6
What is the highest common factor of 2691 and 134667?
117
Calculate the highest common divisor of 21886 and 189914.
706
What is the greatest common factor of 2200 and 25663?
11
What is the highest common divisor of 335 and 245?
5
Calculate the highest common factor of 50 and 3042.
2
What is the greatest common divisor of 9469 and 68?
17
What is the highest common factor of 2508 and 8646?
66
Calculate the greatest common divisor of 2484 and 2916.
108
What is the highest common factor of 625185 and 21050?
2105
Calculate the greatest common factor of 54 and 25560.
18
What is the greatest common divisor of 42675 and 1875?
75
Calculate the highest common divisor of 122362 and 1268.
634
What is the greatest common factor of 13449 and 9?
3
Calculate the greatest common factor of 8702 and 56334.
458
What is the greatest common divisor of 31305 and 75?
15
Calculate the greatest common factor of 195 and 7540.
65
Calculate the highest common divisor of 8 and 448312.
8
Calculate the highest common factor of 13905 and 795.
15
Calculate the greatest common factor of 24871 and 308.
77
Calculate the greatest common factor of 5955 and 510.
15
Calculate the greatest common divisor of 7191 and 847739.
799
What is the greatest common factor of 13 and 139529?
13
What is the greatest common factor of 22737 and 9372?
33
What is the highest common divisor of 129501 and 9?
9
Calculate the highest common divisor of 5504490 and 1044.
522
What is the highest common divisor of 14 and 1863967?
7
Calculate the highest common factor of 5223 and 231.
3
What is the highest common factor of 1155362 and 1924?
962
Calculate the highest common divisor of 1840 and 1408.
16
What is the greatest common divisor of 1859 and 19877?
143
What is the highest common factor of 2992 and 8789?
187
Calculate the greatest common factor of 895046 and 6736.
842
Calculate the greatest common divisor of 1544 and 538277.
193
What is the greatest common factor of 24889197 and 111?
111
What is the greatest common factor of 11203 and 68?
17
Calculate the greatest common divisor of 17766 and 1512.
378
Calculate the highest common factor of 228558 and 1056.
66
What is the highest common factor of 2786 and 1260?
14
Calculate the highest common factor of 82900 and 1700.
100
Calculate the greatest common divisor of 24767171 and 37.
37
What is the greatest common divisor of 104130 and 54379?
1157
What is the greatest common factor of 381300 and 300?
300
Calculate the highest common divisor of 35 and 22705.
5
What is the highest common divisor of 184 and 768016?
184
What is the highest common divisor of 920 and 90680?
40
Calculate the highest common divisor of 510840 and 630.
90
What is the greatest common factor of 6171627 and 22?
11
Calculate the greatest common factor of 38000 and 32400.
400
Calculate the greatest common factor of 100 and 223700.
100
What is the highest common divisor of 310 and 3232990?
310
What is the greatest common divisor of 27510 and 140?
70
What is the greatest common divisor of 30300 and 4725?
75
Calculate the greatest common factor of 322 and 368.
46
Calculate the highest common factor of 69190 and 185.
185
Calculate the greatest common factor of 26 and 13091.
13
What is the greatest common factor of 9142 and 350?
14
Calculate the greatest common divisor of 132 and 36212.
44
What is the greatest common factor of 17 and 128197?
17
Calculate the highest common factor of 6278 and 4307.
73
Calculate the highest common divisor of 543 and 352.
1
What is the greatest common divisor of 4245 and 1350?
15
Calculate the greatest common divisor of 38336 and 20366.
1198
Calculate the highest common divisor of 425 and 195670.
85
What is the highest common factor of 93420 and 220?
20
Calculate the highest common divisor of 3367 and 1369.
37
Calculate the greatest common divisor of 228 and 48716.
76
Calculate the highest common factor of 288898 and 1465.
293
Calculate the greatest common factor of 72 and 135738.
18
What is the greatest common divisor of 120 and 49260?
60
What is the greatest common divisor of 3756 and 1210684?
1252
Calculate the highest common factor of 16 and 954032.
16
Calculate the highest common factor of 44244 and 5256.
36
What is the highest common factor of 16 and 123980?
4
Calculate the highest common divisor of 272 and 4487048.
136
Calculate the highest common factor of 1746 and 7275.
291
Calculate the greatest common factor of 806 and 8432.
62
Calculate the greatest common factor of 12089 and 16328.
157
Calculate the highest common divisor of 44354 and 670.
134
Calculate the highest common factor of 5037 and 3942.
219
What is the highest common divisor of 7136 and 130678?
446
Calculate the highest common divisor of 9 and 288720.
9
What is the greatest common divisor of 2006 and 7906?
118
What is the highest common factor of 98 and 4382?
14
Calculate the greatest common factor of 189 and 161.
7
What is the greatest common divisor of 2135 and 31415?
305
What is the highest common factor of 301 and 190533?
301
Calculate the highest common divisor of 1821 and 81.
3
What is the highest common factor of 2193911 and 19?
19
What is the greatest common divisor of 7080 and 1920?
120
Calculate the highest common factor of 5027 and 9597.
457
Calculate the greatest common divisor of 254192 and 32.
16
Calculate the highest common divisor of 2817918 and 4806.
1602
Calculate the greatest common divisor of 12828 and 16.
4
Calculate the highest common divisor of 3206360 and 160.
40
Calculate the greatest common factor of 24 and 47928.
24
Calculate the highest common divisor of 420 and 4935.
105
What is the greatest common factor of 33 and 7269?
3
Calculate the greatest common divisor of 10524 and 8484.
12
What is the greatest common factor of 200 and 2160000?
200
Calculate the greatest common divisor of 65112 and 48.
24
What is the highest common divisor of 26499 and 10512?
219
Calculate the greatest common factor of 196 and 807016.
28
Calculate the highest common divisor of 901 and 193927.
53
What is the highest common factor of 8290 and 145?
5
Calculate the highest common factor of 5951682 and 132.
66
What is the greatest common divisor of 4577 and 9499?
23
What is the highest common factor of 4956 and 2833593?
1239
Calculate the highest common divisor of 789089 and 969.
323
Calculate the greatest common factor of 37870 and 1106.
14
What is the highest common factor of 726 and 4014?
6
Calculate the highest common divisor of 8 and 319584.
8
Calculate the highest common factor of 332820 and 215.
215
Calculate the greatest common divisor of 1160 and 26390.
290
Calculate the highest common divisor of 23265 and 4136.
517
Calculate the greatest common divisor of 1340 and 939876.
268
What is the greatest common factor of 607278 and 6384?
798
Calculate the greatest common factor of 138 and 157412.
46
What is the greatest common divisor of 4 and 1038?
2
Calculate the highest common factor of 53944 and 23294.
1226
What is the greatest common divisor of 2926 and 84238?
154
What is the highest common divisor of 2107 and 3997?
7
What is the highest common divisor of 183 and 76799?
61
Calculate the highest common divisor of 14801 and 697.
41
Calculate the highest common divisor of 183 and 71187.